ose -z - 222 = -l*z. Suppose -373 = -8*g + 75. What is the remainder when z is divided by g?
54
Let d = -18 - 12. Let m = d - -32. Suppose 0 = -5*b - 0*l + m*l + 74, 15 = 5*l. What is the remainder when b is divided by 14?
2
Suppose 57*m + 2296 = 85*m. What is the remainder when m is divided by 67?
15
Suppose 4*c - 2 = -10. Let v be 3*c*1*1/(-3). Suppose -b - 78 = -m + 2*b, -2*b = v. Calculate the remainder when m is divided by 26.
23
Suppose -3*c + 27 = -27. Let g be -3 + (-7 - -4) - -70. Suppose -123 = -y - y - o, y + 3*o - g = 0. Calculate the remainder when y is divided by c.
7
Let x = -918 + 1216. Calculate the remainder when x is divided by 39.
25
Suppose -4*v - 98 = -5*w - 17, -v + 18 = w. Calculate the remainder when 55 is divided by w.
4
Let s = 3971 + -3968. Calculate the remainder when 44 is divided by s.
2
Let r = 286 - 295. What is the remainder when 10 is divided by r/72 - 51/(-24)?
0
Suppose -71*o - 4897 = -20020. What is the remainder when o is divided by 12?
9
Let b be 111/(-74)*(0 + 16/(-6)). Calculate the remainder when b/(-12)*-141 + 6 is divided by 19.
15
Let p = -6 - -22. Suppose -5*o - 1445 = -4*j, 4*o = -2*j - 875 + 1617. Calculate the remainder when j is divided by p.
13
Suppose -51*n + 484806 = -26*n + 72*n. What is the remainder when n is divided by 385?
378
Suppose 3*y + 21 = -30. Let b(f) = -4*f + 32. What is the remainder when b(y) is divided by ((-26)/(-5))/((-1)/(-5))?
22
Suppose 4 = 3*c + 7. Let l be (104/16)/(c/2). Let i = 54 + l. What is the remainder when i is divided by 14?
13
Let o = -87 + 148. Let t = -17 + 33. What is the remainder when o is divided by t?
13
Let g = -1997 - -2454. What is the remainder when g is divided by 92?
89
Let c = -61 + 64. What is the remainder when 76 is divided by (218/c)/2 - 21/63?
4
Let a(q) = q**2 - 1. Let j be a(-5). Let t be -10*6/12*4/(-5). Suppose 0 = t*z - 5*m - 5 - 19, -4*m = 4*z - j. Calculate the remainder when 23 is divided by z.
5
Suppose -3*r = 6*r - 45. Suppose 4*m - 38 = 6*m. Let t = r - m. What is the remainder when t is divided by 5?
4
Suppose -476*c + 530*c - 33912 = 0. What is the remainder when c is divided by 132?
100
Let k = 377 + 1063. Suppose -15*i + k = -3*i. Calculate the remainder when i is divided by 31.
27
What is the remainder when 164 is divided by (1035/276)/((-6)/(-112))?
24
Let z be (612/99 - 6) + 2374/11. What is the remainder when (-24)/(-40) - z/(-15) is divided by 6?
3
Let d = -12806 + 12941. Calculate the remainder when 184 is divided by d.
49
Suppose 2*t - 13 = z, 5*z - 8*z - 34 = -5*t. Suppose 0 = 4*d - t*g - 828, 3*d - 3*g = 786 - 168. What is the remainder when d is divided by 34?
32
Let o(a) = -6*a**2 + 4*a + 4. Let y(b) = -5*b**2 + 3*b + 5. Let n(q) = 2*o(q) - 3*y(q). Let c be n(-6). What is the remainder when 1/2*(c + 3) is divided by 28?
27
Let c be (-16)/(-2) + 1/(2/(-6)). Suppose -2*v - 28 = -18, -5*v + 20 = c*n. Calculate the remainder when 98 is divided by n.
8
Let n = 2886 - 2193. Calculate the remainder when n is divided by 116.
113
Suppose 5604 = -101*m + 24491. What is the remainder when 2059 is divided by m?
2
Calculate the remainder when 423485/15 + 3 - (160/(-24) + 7) is divided by 14.
11
Suppose -42*z = -45784 + 45406. Suppose 0*n = -4*r + 5*n + 58, 5*r - 4*n = 77. What is the remainder when r is divided by z?
8
Suppose 0 = -5*w + 3*x + 6 - 5, 0 = 2*w - 3*x + 5. Suppose 12 + 125 = w*u + d, -4*u + 270 = -2*d. What is the remainder when u is divided by 53?
15
Let b = 276 - 251. Let h be (-156)/9*45/(-10). Let l = h + -5. Calculate the remainder when l is divided by b.
23
What is the remainder when ((-154)/2)/(-160 - -159) is divided by 16?
13
Let v = -21 + 45. Suppose 22*o - 1833 = 2039 - 814. What is the remainder when o is divided by v?
19
Let x = -437 + 463. Suppose 3*f - 56 = -2*v, -v + 2*f + 16 = -x. What is the remainder when 78 is divided by v?
10
Let l be ((-1)/4)/(1/(-28)). Suppose -96 = -l*c - c. Let h = 128 + -70. Calculate the remainder when h is divided by c.
10
Let g(z) = -18*z**2 + 6*z + 4. Let f(r) = 20*r**2 - 7*r - 5. Let b(u) = -5*f(u) - 6*g(u). Calculate the remainder when 630 is divided by b(1).
6
Let n(h) = 5*h + 65. Let k be n(-12). Let b(a) = a**2 + 8*a - 15. What is the remainder when 195 is divided by b(k)?
45
Let p(g) = -25*g - 19. Let o(l) = -74*l - 59. Let h(y) = -3*o(y) + 10*p(y). Let a = 8 + -11. What is the remainder when h(a) is divided by 8?
7
Let w(z) = -11*z**3 + 154*z**2 + 2*z - 14. Calculate the remainder when 205 is divided by w(14).
9
Suppose -3*x + 423 = 5*j, 2*x - 180 + 735 = 7*j. Calculate the remainder when 270 is divided by j.
27
Let o be -5 - (1 + (-2 - 2) + -2). Suppose o = i + 279 - 301. Calculate the remainder when 195 is divided by i.
19
Let r(f) = -f**3 + 3*f**2 + f. Let j be r(0). Suppose -3*o - 2*q + 48 = j, 3*o - 23 = -5*q + 25. What is the remainder when 29 is divided by o?
13
Let m(t) = t**3 - 20*t**2 + 19*t + 7. Let g be m(19). Suppose -4*s = -3*w + 215, -4*w - 4*s = -g*s - 275. Calculate the remainder when w is divided by 24.
17
Let x = 9011 + -8995. What is the remainder when 1114 is divided by x?
10
What is the remainder when (12 - (-3 - 8))*93 is divided by 29?
22
Let g(k) = 435*k**2 - 52*k + 51. What is the remainder when g(1) is divided by 217?
0
Let r = -16 + 40. Suppose -4*b + 517 = 157. Calculate the remainder when b is divided by r.
18
Let f = -2769 - -2990. What is the remainder when f is divided by 19?
12
Let z = -2376 - -2538. What is the remainder when 510 is divided by z?
24
Let z(y) = -y**2 + 21*y - 17. Let s(m) = m**3 + 10*m**2 + 12*m + 15. Let f be s(-8). Let u = f + -37. What is the remainder when z(u) is divided by 48?
45
Let a(f) = -f**2 + 7*f - 3. Let z = -49 + 53. Suppose -w = 2*y - 5, -2*y - 2 = -4*y - z*w. Calculate the remainder when 17 is divided by a(y).
8
Let b = 256 - 220. Let j = -33 - -104. What is the remainder when j is divided by 5*4/20 + b?
34
Suppose -w + 3*n + 3950 = 0, 23732 = 6*w - 7*n + 5*n. What is the remainder when w is divided by 247?
4
Let o(f) = -f**3 + 29*f**2 - 2*f + 27. What is the remainder when o(28) is divided by 85?
75
Let q(v) = 2*v**2 + 25*v - 226. What is the remainder when 818 is divided by q(7)?
19
Suppose 143 + 67 = 7*v. Suppose -v = -8*r - 6. Calculate the remainder when 39 is divided by r.
0
Suppose -634*f = -646*f + 4140. Let l(b) = 36*b - 1. Let u be l(1). Suppose u*r - f = 30*r. Calculate the remainder when r is divided by 8.
5
Let c = 261 + -258. What is the remainder when 106/(-6)*-3*(c + -2) is divided by 46?
7
Let i = 16116 - 16012. What is the remainder when 1120 is divided by i?
80
Let t(x) = 77*x**2 + 2*x - 34. What is the remainder when t(3) is divided by 56?
49
Let b(n) = -n**3 + 3*n**2 - 5*n + 3. Let c be b(2). Let t = -49 + 64. What is the remainder when t is divided by (c - 17)/(-2) - 0?
5
Suppose -4*h + 77 = -51. Let j(d) = 2*d**3 - 33*d**2 + 21*d + 13. What is the remainder when j(16) is divided by h?
29
Let g(u) = 3*u**2 - 58*u - 249. What is the remainder when 358 is divided by g(-5)?
10
Let m = 1330 - 688. Calculate the remainder when m is divided by (2/(-20))/(270/(-37800)).
12
What is the remainder when 428 is divided by 18/(-10)*(112/(-6) - 3)?
38
Suppose -3*z - 18*g + 13*g + 67 = 0, 5*z = -3*g + 85. Suppose 86 = 2*j + 4*v, 0 = 2*j - j - 5*v - 22. What is the remainder when j is divided by z?
9
Let x be (-470)/(-60)*(8 - 2). Let y = -84 + x. Let l = y + 76. What is the remainder when 192 is divided by l?
36
Suppose 1 = -5*z - 298*y + 299*y, 3*y = -3*z + 3. Suppose -5*q + 2*q = -153. Suppose 9*d - q - 174 = z. Calculate the remainder when d is divided by 13.
12
Suppose 0 = 2*c, 27 = -2*k + c + 327. What is the remainder when k is divided by 28?
10
Let d(r) = 13 - 16 + 15*r - 14 + 47 + 72 + 8*r**2. What is the remainder when d(-5) is divided by 57?
56
Let f(y) = 2*y**3 + 2*y**2 + y + 5. Let p be f(0). Suppose 3*k - 226 = -3*j - 67, 5*k = p*j + 255. Calculate the remainder when 102 is divided by k.
50
Let h be 7 + 0/(-4) - -1. Suppose -4*a + 20 = -2*y, 0*a + a + 1 = 2*y. Calculate the remainder when (-4 - h - -31)/(2 - 1) is divided by a.
5
Suppose 2*a = d + a - 34, -d = a - 44. What is the remainder when d is divided by (-49)/(-5) - (-4)/20?
9
Let b = -3822 + 4236. Calculate the 